 is the remainder when 2136292 is divided by 335?
332
Calculate the remainder when 22549 is divided by 69.
55
Calculate the remainder when 162761 is divided by 779.
729
Calculate the remainder when 4777259 is divided by 227488.
11
What is the remainder when 22678 is divided by 289?
136
Calculate the remainder when 1334452 is divided by 55602.
4
Calculate the remainder when 146422472 is divided by 2721.
20
Calculate the remainder when 6510 is divided by 1936.
702
Calculate the remainder when 2533242 is divided by 844413.
3
Calculate the remainder when 20906541 is divided by 2553.
24
What is the remainder when 8854308 is divided by 242?
12
What is the remainder when 35591 is divided by 1582?
787
What is the remainder when 2124492 is divided by 97?
95
What is the remainder when 185059 is divided by 20562?
1
What is the remainder when 4726055 is divided by 514?
339
Calculate the remainder when 977688 is divided by 4821.
3846
Calculate the remainder when 152806 is divided by 66.
16
Calculate the remainder when 27464221 is divided by 3167.
3164
Calculate the remainder when 45028955 is divided by 160.
155
Calculate the remainder when 3168487 is divided by 40620.
127
Calculate the remainder when 3213577 is divided by 3213558.
19
What is the remainder when 3901033 is divided by 103?
11
Calculate the remainder when 1124806 is divided by 187467.
4
What is the remainder when 4564635 is divided by 17096?
3
What is the remainder when 172100 is divided by 57291?
227
What is the remainder when 3054519 is divided by 1018158?
45
Calculate the remainder when 4178033 is divided by 63.
62
What is the remainder when 142830706 is divided by 667?
660
Calculate the remainder when 1679539 is divided by 47.
41
Calculate the remainder when 25433 is divided by 4574.
2563
Calculate the remainder when 58525 is divided by 108.
97
Calculate the remainder when 25616157 is divided by 2047.
2046
What is the remainder when 37110 is divided by 126?
66
What is the remainder when 35131247 is divided by 21?
11
Calculate the remainder when 969226 is divided by 969171.
55
Calculate the remainder when 3942258 is divided by 37191.
12
What is the remainder when 91419211 is divided by 28?
23
What is the remainder when 4216884 is divided by 221932?
176
What is the remainder when 76459658 is divided by 2735?
2733
What is the remainder when 4522115 is divided by 24711?
2
Calculate the remainder when 102893 is divided by 17134.
89
Calculate the remainder when 5776911 is divided by 433.
258
What is the remainder when 21718 is divided by 886?
454
What is the remainder when 943097 is divided by 85736?
1
Calculate the remainder when 1408229 is divided by 122.
105
What is the remainder when 1014581 is divided by 248?
13
Calculate the remainder when 1522831 is divided by 1114.
1107
What is the remainder when 247842 is divided by 5052?
294
What is the remainder when 886074 is divided by 40275?
24
What is the remainder when 158551291 is divided by 17?
9
Calculate the remainder when 49243 is divided by 867.
691
What is the remainder when 259107 is divided by 5840?
2147
Calculate the remainder when 4215471 is divided by 17276.
127
Calculate the remainder when 88575 is divided by 44266.
43
What is the remainder when 259457 is divided by 14413?
23
Calculate the remainder when 115116108 is divided by 2308.
2300
Calculate the remainder when 552658 is divided by 316.
290
What is the remainder when 48748767 is divided by 232?
231
What is the remainder when 20881551 is divided by 485?
361
What is the remainder when 8977556 is divided by 332498?
110
What is the remainder when 2749030512 is divided by 14889?
14886
What is the remainder when 129027 is divided by 502?
13
Calculate the remainder when 17695505 is divided by 23.
18
Calculate the remainder when 1855268 is divided by 8433.
8
What is the remainder when 1746321 is divided by 11?
5
What is the remainder when 4244687 is divided by 9647?
7
Calculate the remainder when 1087373 is divided by 63.
56
Calculate the remainder when 241570233 is divided by 32.
25
What is the remainder when 113840 is divided by 140?
20
Calculate the remainder when 187699 is divided by 1717.
546
What is the remainder when 143173130 is divided by 47724365?
35
What is the remainder when 79197779 is divided by 7919777?
9
What is the remainder when 41584135 is divided by 3?
1
Calculate the remainder when 2375826 is divided by 22.
2
What is the remainder when 923177 is divided by 6?
5
What is the remainder when 230762 is divided by 507?
77
What is the remainder when 378104 is divided by 94507?
76
What is the remainder when 14051293 is divided by 71?
38
What is the remainder when 1531173 is divided by 1657?
105
Calculate the remainder when 4922943 is divided by 223769.
25
Calculate the remainder when 166833 is divided by 32892.
2373
Calculate the remainder when 72232448 is divided by 8275.
8248
Calculate the remainder when 192244 is divided by 1374.
1258
What is the remainder when 43810104 is divided by 3650841?
12
Calculate the remainder when 11605752 is divided by 152707.
20
Calculate the remainder when 562979 is divided by 569.
238
Calculate the remainder when 11906830 is divided by 56.
54
Calculate the remainder when 593935 is divided by 4273.
4261
What is the remainder when 1794211 is divided by 24578?
17
What is the remainder when 1445268 is divided by 168?
132
Calculate the remainder when 58229 is divided by 1354.
7
Calculate the remainder when 18658 is divided by 18100.
558
Calculate the remainder when 1868263 is divided by 45567.
16
What is the remainder when 3357907 is divided by 32?
19
Calculate the remainder when 611925 is divided by 663.
639
Calculate the remainder when 2141310 is divided by 2141012.
298
Calculate the remainder when 15735662 is divided by 1311304.
14
What is the remainder when 4458582 is divided by 2737?
9
What is the remainder when 34414098 is divided by 258?
252
What is the remainder when 1935323 is divided by 55294?
33
What is the remainder when 355344 is divided by 1020?
384
Calculate the remainder when 203189 is divided by 40399.
1194
What is the remainder when 1616192 is divided by 134682?
8
Calculate the remainder when 1292248 is divided by 206.
10
Calculate the remainder when 7620960 is divided by 152.
136
Calculate the remainder when 674486 is divided by 16059.
8
Calculate the remainder when 568322 is divided by 1006.
938
Calculate the remainder when 11902412 is divided by 1608.
1604
Calculate the remainder when 96492553 is divided by 89.
88
Calculate the remainder when 643615306 is divided by 918.
916
Calculate the remainder when 25518 is divided by 125.
18
Calculate the remainder when 1524086 is divided by 127007.
2
Calculate the remainder when 3086800 is divided by 31496.
192
What is the remainder when 2884292 is divided by 412017?
173
What is the remainder when 22189911 is divided by 1278?
1275
What is the remainder when 515149 is divided by 4163?
3100
What is the remainder when 11625660 is divided by 49?
18
What is the remainder when 90314741 is divided by 8?
5
Calculate the remainder when 628958 is divided by 132.
110
Calculate the remainder when 64140622 is divided by 72.
70
Calculate the remainder when 650971 is divided by 182.
139
Calculate the remainder when 3057036 is divided by 138953.
70
Calculate the remainder when 7218982 is divided by 5109.
5074
What is the remainder when 306040 is divided by 14572?
28
Calculate the remainder when 103679979 is divided by 147.
144
Calculate the remainder when 33513755 is divided by 16756872.
11
Calculate the remainder when 93229 is divided by 92480.
749
What is the remainder when 1060278 is divided by 529923?
432
What is the remainder when 39044 is divided by 952?
12
What is the remainder when 44187050 is divided by 26683?
2
What is the remainder when 882868 is divided by 328?
220
Calculate the remainder when 36587 is divided by 5080.
1027
Calculate the remainder when 10993562 is divided by 125.
62
What is the remainder when 1346464 is divided by 1346463?
1
Calculate the remainder when 24895740 is divided by 229.
5
Calculate the remainder when 3567877 is divided by 63.
61
What is the remainder when 4907190 is divided by 7979?
105
Calculate the remainder when 10621 is divided by 1185.
1141
Calculate